4134 a factor of 1535408940?
True
Is 469870114 a multiple of 911?
True
Does 9 divide 300565593?
True
Is 780 a factor of 27796860?
True
Is 123 a factor of 18816417?
True
Is 383 a factor of 16106301?
False
Is 394616693 a multiple of 123?
False
Is 151351548 a multiple of 372?
True
Does 1766 divide 41917719?
False
Is 75776461 a multiple of 2960?
False
Is 52 a factor of 42003780?
True
Is 445181801 a multiple of 470?
False
Does 4 divide 7659804?
True
Is 32297247 a multiple of 936?
False
Is 54982671 a multiple of 131?
False
Does 8 divide 152837336?
True
Does 8 divide 89328319?
False
Is 72944537 a multiple of 478?
False
Is 27122183 a multiple of 27?
False
Is 3037153090 a multiple of 10?
True
Does 5 divide 10042635?
True
Does 26 divide 690794939?
False
Is 450 a factor of 354598797?
False
Is 3621598 a multiple of 36?
False
Is 27 a factor of 303367194?
True
Is 134841938 a multiple of 2398?
True
Does 8 divide 5855192?
True
Does 10 divide 8926449?
False
Does 1409 divide 441053888?
False
Does 263 divide 1456484795?
True
Is 50986450 a multiple of 10?
True
Is 65 a factor of 4079535786?
False
Does 3117 divide 3300247881?
False
Is 1258236448 a multiple of 12?
False
Does 4 divide 144228376?
True
Is 20 a factor of 9405307?
False
Is 3549010866 a multiple of 122?
True
Is 9864 a factor of 2326769640?
True
Is 1440 a factor of 714413871?
False
Does 2 divide 62263009?
False
Is 876 a factor of 50437172?
False
Does 30 divide 113055873?
False
Is 234820564 a multiple of 11?
True
Does 27 divide 79313769?
True
Does 261 divide 31781448?
True
Is 26458528 a multiple of 17?
True
Does 32 divide 25634304?
True
Does 567 divide 344813112?
True
Is 4398 a factor of 33187308?
True
Is 81148955 a multiple of 37?
True
Does 19 divide 14763095?
True
Does 2129 divide 3802799747?
False
Is 6635647 a multiple of 339?
False
Is 1740 a factor of 27319333?
False
Is 9 a factor of 1370178970?
False
Is 3269892 a multiple of 12?
True
Is 95 a factor of 189510334?
False
Is 267970605 a multiple of 26?
False
Is 449 a factor of 15766698?
False
Does 331 divide 311644866?
False
Does 194 divide 280330000?
True
Is 676766670 a multiple of 10?
True
Is 1058012 a multiple of 379?
False
Is 258 a factor of 37316862?
True
Is 1294 a factor of 503398574?
False
Is 33 a factor of 108214272?
False
Is 1604 a factor of 51230808?
False
Does 1853 divide 74432162?
False
Is 759 a factor of 620935524?
False
Does 89 divide 442599937?
True
Is 33 a factor of 3102285714?
True
Is 32 a factor of 133245114?
False
Does 22 divide 535284635?
False
Does 369 divide 78735865?
False
Is 10181925 a multiple of 177?
True
Is 341 a factor of 849807406?
False
Is 403 a factor of 265339230?
True
Is 402209083 a multiple of 233?
False
Is 620642198 a multiple of 717?
False
Is 63591729 a multiple of 644?
False
Does 32 divide 38165600?
True
Is 171368385 a multiple of 47?
False
Is 28 a factor of 64453032?
True
Does 15 divide 548207130?
True
Does 2256 divide 142105763?
False
Is 669653676 a multiple of 74?
True
Is 22 a factor of 181214440?
True
Does 28 divide 34954457?
False
Is 145 a factor of 18542020?
True
Is 758 a factor of 561229551?
False
Does 54 divide 101610202?
False
Is 178 a factor of 443023310?
True
Is 25 a factor of 190748750?
True
Does 61 divide 11728599?
False
Does 392 divide 655097949?
False
Does 4 divide 955229634?
False
Does 577 divide 79112470?
True
Is 67772423 a multiple of 281?
True
Does 9 divide 2174934?
False
Is 15555969 a multiple of 27?
True
Is 146904128 a multiple of 56?
True
Does 415 divide 8198730?
False
Does 28 divide 949264988?
True
Is 211 a factor of 800726170?
False
Is 17 a factor of 23963404?
True
Is 107 a factor of 337190384?
True
Is 34 a factor of 111272004?
True
Is 27238827 a multiple of 21?
True
Is 831297484 a multiple of 8?
False
Does 3 divide 27215677?
False
Is 5374188 a multiple of 194?
True
Is 161060512 a multiple of 1511?
True
Does 886 divide 73092580?
False
Does 22 divide 352625460?
True
Is 82657871 a multiple of 5?
False
Is 9 a factor of 80246277?
True
Is 743101149 a multiple of 483?
False
Is 70819566 a multiple of 87?
True
Does 240 divide 2869668706?
False
Is 19121816 a multiple of 606?
False
Does 204 divide 38744496?
True
Is 728446074 a multiple of 354?
False
Is 160 a factor of 16523360?
True
Is 175 a factor of 134255800?
True
Is 48660611 a multiple of 1068?
False
Is 10573 a factor of 1674284889?
False
Is 8 a factor of 100420336?
True
Is 588414402 a multiple of 5099?
True
Is 6 a factor of 350072086?
False
Does 25 divide 525328875?
True
Is 975273990 a multiple of 114?
True
Is 34 a factor of 1074622689?
False
Is 15498292 a multiple of 4?
True
Does 52 divide 502785452?
True
Does 120 divide 69086531?
False
Is 594 a factor of 2882088?
True
Is 1112 a factor of 25133763?
False
Is 97208407 a multiple of 337?
False
Is 13 a factor of 23580063?
True
Does 66 divide 22894542?
True
Does 10 divide 10532769?
False
Is 190166840 a multiple of 42?
False
Is 123954239 a multiple of 313?
False
Does 87 divide 397257921?
True
Does 616 divide 210484120?
True
Is 880 a factor of 2578884880?
True
Is 19 a factor of 122163454?
False
Is 255 a factor of 383481209?
False
Does 12 divide 592896466?
False
Is 20737087 a multiple of 5?
False
Is 400 a factor of 41891200?
True
Is 140771955 a multiple of 15?
True
Is 6089313453 a multiple of 81?
False
Is 43707811 a multiple of 456?
False
Does 32 divide 7448702?
False
Is 1114 a factor of 231305390?
True
Does 20 divide 6197380?
True
Is 1410 a factor of 30439076?
False
Is 14 a factor of 43043406?
True
Does 91 divide 67757053?
True
Is 5 a factor of 677381345?
True
Does 6 divide 7081360?
False
Is 9 a factor of 396195797?
False
Does 677 divide 911736578?
False
Is 113 a factor of 339925809?
True
Is 65 a factor of 6069115?
True
Does 110 divide 129962580?
True
Is 13914909 a multiple of 259?
False
Is 6 a factor of 4727994?
True
Is 163583979 a multiple of 17?
True
Does 916 divide 1522508514?
False
Is 3 a factor of 3476376?
True
Does 829 divide 37775618?
False
Does 37 divide 452876411?
True
Is 61 a factor of 802960954?
False
Is 15906649 a multiple of 11?
True
Is 31457600 a multiple of 160?
True
Is 69376640 a multiple of 64?
True
Does 5719 divide 483758772?
True
Is 761070459 a multiple of 129?
True
Does 801 divide 638081817?
False
Does 72 divide 13366872?
True
Does 457 divide 50587814?
False
Does 3303 divide 44630136?
True
Is 14 a factor of 55074947?
False
Is 8278631712 a multiple of 144?
True
Does 248 divide 40157152?
True
Is 10864990 a multiple of 10?
True
Does 54 divide 68239159?
False
Is 3846024 a multiple of 936?
True
Is 161 a factor of 106371042?
False
Is 4787254 a multiple of 37?
False
Is 18 a factor of 1053296478?
True
Is 6 a factor of 376682969?
False
Is 742 a factor of 161838362?
True
Is 1473039797 a multiple of 76?
False
Is 191419899 a multiple of 3?
True
Is 3070787720 a multiple of 44?
True
Is 64042291 a multiple of 178?
False
Does 28 divide 4271071?
False
Is 563696217 a multiple of 1141?
True
Is 1130047976 a multiple of 6382?
True
Is 99 a factor of 61084132?
False
Is 2732005144 a multiple of 311?
False
Is 33 a factor of 17209617?
False
Does 425 divide 1147987227?
False
Is 3531488654 a multiple of 10?
False
Is 286 a factor of 1189432816?
True
Is 291597788 a multiple of 8861?
True
Is 23 a factor of 73649611?
True
Is 438 a factor of 19889580?
True
Is 183095794 a multiple of 14?
True
Is 48663839 a multiple of 846?
False
Is 83 a factor of 303935542?
True
Is 104 a factor of 139014512?
True
Does 17 divide 23834824?
False
Is 51341180 a multiple of 2?
True
Is 13191106 a multiple of 19?
False
Does 231 divide 42122157?
True
Is 2058161785 a multiple of 41?
False
Does 546 divide 41002416?
True
Is 180008790 a multiple of 6?
True
Is 692210335 a multiple of 111?
False
Is 9 a factor of 24424253?
False
Is 230817200 a multiple of 20?
True
Is 411 a factor of 2823390?
False
Is 50183147 a multiple of 1612?
False
Is 84450337 a multiple of 18?
False
Does 8 divide 57862825?
False
Is 786 a factor of 21722050?
False
Does 2382 divide 34092209?
False
Is 1278 a factor of 87205608?
True
Does 67 divide 109268717?
False
Is 3 a factor of 44116809?
True
Is 19235568 a multiple of 24?
True
Is 3142 a factor of 79803658?
True
Does 5699 divide 276719347?
False
Is 510183310 a multiple of 91?
True
Is 140802712 a multiple of 12?
False
Does 117 